[INFO] cloning repository https://github.com/NuperSu/crypto-seed-gen
[INFO] running `Command { std: "git" "-c" "credential.helper=" "-c" "credential.helper=/workspace/cargo-home/bin/git-credential-null" "clone" "--bare" "https://github.com/NuperSu/crypto-seed-gen" "/workspace/cache/git-repos/https%3A%2F%2Fgithub.com%2FNuperSu%2Fcrypto-seed-gen", kill_on_drop: false }`
[INFO] [stderr] Cloning into bare repository '/workspace/cache/git-repos/https%3A%2F%2Fgithub.com%2FNuperSu%2Fcrypto-seed-gen'...
[INFO] running `Command { std: "git" "rev-parse" "HEAD", kill_on_drop: false }`
[INFO] [stdout] c25984e96de511f1e01fb4c0be04451493385127
[INFO] checking NuperSu/crypto-seed-gen against master#e6e4f7ed1589e03bc2f6c5931c1a72e7947e8682 for beta-170-4
[INFO] running `Command { std: "git" "clone" "/workspace/cache/git-repos/https%3A%2F%2Fgithub.com%2FNuperSu%2Fcrypto-seed-gen" "/workspace/builds/worker-3-tc2/source", kill_on_drop: false }`
[INFO] [stderr] Cloning into '/workspace/builds/worker-3-tc2/source'...
[INFO] [stderr] done.
[INFO] validating manifest of git repo https://github.com/NuperSu/crypto-seed-gen on toolchain e6e4f7ed1589e03bc2f6c5931c1a72e7947e8682
[INFO] running `Command { std: CARGO_HOME="/workspace/cargo-home" RUSTUP_HOME="/workspace/rustup-home" "/workspace/cargo-home/bin/cargo" "+e6e4f7ed1589e03bc2f6c5931c1a72e7947e8682" "metadata" "--manifest-path" "Cargo.toml" "--no-deps", kill_on_drop: false }`
[INFO] started tweaking git repo https://github.com/NuperSu/crypto-seed-gen
[INFO] finished tweaking git repo https://github.com/NuperSu/crypto-seed-gen
[INFO] tweaked toml for git repo https://github.com/NuperSu/crypto-seed-gen written to /workspace/builds/worker-3-tc2/source/Cargo.toml
[INFO] crate git repo https://github.com/NuperSu/crypto-seed-gen already has a lockfile, it will not be regenerated
[INFO] running `Command { std: CARGO_HOME="/workspace/cargo-home" RUSTUP_HOME="/workspace/rustup-home" "/workspace/cargo-home/bin/cargo" "+e6e4f7ed1589e03bc2f6c5931c1a72e7947e8682" "fetch" "--manifest-path" "Cargo.toml", kill_on_drop: false }`
[INFO] running `Command { std: "docker" "create" "-v" "/var/lib/crater-agent-workspace/builds/worker-3-tc2/target:/opt/rustwide/target:rw,Z" "-v" "/var/lib/crater-agent-workspace/builds/worker-3-tc2/source:/opt/rustwide/workdir:ro,Z" "-v" "/var/lib/crater-agent-workspace/cargo-home:/opt/rustwide/cargo-home:ro,Z" "-v" "/var/lib/crater-agent-workspace/rustup-home:/opt/rustwide/rustup-home:ro,Z" "-e" "SOURCE_DIR=/opt/rustwide/workdir" "-e" "CARGO_TARGET_DIR=/opt/rustwide/target" "-e" "CARGO_HOME=/opt/rustwide/cargo-home" "-e" "RUSTUP_HOME=/opt/rustwide/rustup-home" "-w" "/opt/rustwide/workdir" "-m" "1610612736" "--user" "0:0" "--network" "none" "ghcr.io/rust-lang/crates-build-env/linux@sha256:19e73879b68f455e41552ea35293514db52ea292d993f571636dbffedb77a1ee" "/opt/rustwide/cargo-home/bin/cargo" "+e6e4f7ed1589e03bc2f6c5931c1a72e7947e8682" "metadata" "--no-deps" "--format-version=1", kill_on_drop: false }`
[INFO] [stdout] 0e75eab079d75602ddad27edfb9d8d17a8e96bcd04118ec939fa07facfc64b86
[INFO] running `Command { std: "docker" "start" "-a" "0e75eab079d75602ddad27edfb9d8d17a8e96bcd04118ec939fa07facfc64b86", kill_on_drop: false }`
[INFO] running `Command { std: "docker" "inspect" "0e75eab079d75602ddad27edfb9d8d17a8e96bcd04118ec939fa07facfc64b86", kill_on_drop: false }`
[INFO] running `Command { std: "docker" "rm" "-f" "0e75eab079d75602ddad27edfb9d8d17a8e96bcd04118ec939fa07facfc64b86", kill_on_drop: false }`
[INFO] [stdout] 0e75eab079d75602ddad27edfb9d8d17a8e96bcd04118ec939fa07facfc64b86
[INFO] running `Command { std: "docker" "create" "-v" "/var/lib/crater-agent-workspace/builds/worker-3-tc2/target:/opt/rustwide/target:rw,Z" "-v" "/var/lib/crater-agent-workspace/builds/worker-3-tc2/source:/opt/rustwide/workdir:ro,Z" "-v" "/var/lib/crater-agent-workspace/cargo-home:/opt/rustwide/cargo-home:ro,Z" "-v" "/var/lib/crater-agent-workspace/rustup-home:/opt/rustwide/rustup-home:ro,Z" "-e" "SOURCE_DIR=/opt/rustwide/workdir" "-e" "CARGO_TARGET_DIR=/opt/rustwide/target" "-e" "CARGO_INCREMENTAL=0" "-e" "RUST_BACKTRACE=full" "-e" "RUSTFLAGS=--cap-lints=forbid" "-e" "RUSTDOCFLAGS=--cap-lints=forbid" "-e" "CARGO_HOME=/opt/rustwide/cargo-home" "-e" "RUSTUP_HOME=/opt/rustwide/rustup-home" "-w" "/opt/rustwide/workdir" "-m" "1610612736" "--user" "0:0" "--network" "none" "ghcr.io/rust-lang/crates-build-env/linux@sha256:19e73879b68f455e41552ea35293514db52ea292d993f571636dbffedb77a1ee" "/opt/rustwide/cargo-home/bin/cargo" "+e6e4f7ed1589e03bc2f6c5931c1a72e7947e8682" "check" "--frozen" "--all" "--all-targets" "--message-format=json", kill_on_drop: false }`
[INFO] [stdout] 51566d1b3fc322b8bc41bbb3936de7a5eec60c05784b80a448fc5651f3b7cf34
[INFO] running `Command { std: "docker" "start" "-a" "51566d1b3fc322b8bc41bbb3936de7a5eec60c05784b80a448fc5651f3b7cf34", kill_on_drop: false }`
[INFO] [stderr]    Compiling libc v0.2.94
[INFO] [stderr]     Checking cfg-if v1.0.0
[INFO] [stderr]    Compiling proc-macro2 v1.0.26
[INFO] [stderr]    Compiling unicode-xid v0.2.2
[INFO] [stderr]    Compiling syn v1.0.71
[INFO] [stderr]    Compiling typenum v1.13.0
[INFO] [stderr]    Compiling autocfg v1.0.1
[INFO] [stderr]    Compiling getrandom v0.1.16
[INFO] [stderr]    Compiling version_check v0.9.3
[INFO] [stderr]    Compiling cc v1.0.41
[INFO] [stderr]    Compiling generic-array v0.14.4
[INFO] [stderr]     Checking byteorder v1.4.3
[INFO] [stderr]    Compiling serde_derive v1.0.125
[INFO] [stderr]    Compiling crunchy v0.2.2
[INFO] [stderr]    Compiling serde v1.0.125
[INFO] [stderr]     Checking ppv-lite86 v0.2.10
[INFO] [stderr]     Checking scopeguard v1.1.0
[INFO] [stderr]    Compiling quote v1.0.9
[INFO] [stderr]     Checking either v1.6.1
[INFO] [stderr]     Checking subtle v2.4.0
[INFO] [stderr]     Checking rustc-hex v2.1.0
[INFO] [stderr]    Compiling crossbeam-utils v0.8.4
[INFO] [stderr]    Compiling getrandom v0.2.2
[INFO] [stderr]    Compiling memchr v2.4.0
[INFO] [stderr]    Compiling memoffset v0.6.3
[INFO] [stderr]     Checking rand_core v0.5.1
[INFO] [stderr]    Compiling tiny-keccak v2.0.2
[INFO] [stderr]     Checking generic-array v0.12.4
[INFO] [stderr]     Checking rand_chacha v0.2.2
[INFO] [stderr]     Checking lazy_static v1.4.0
[INFO] [stderr]    Compiling proc-macro-hack v0.5.19
[INFO] [stderr]     Checking static_assertions v1.1.0
[INFO] [stderr]     Checking rand v0.7.3
[INFO] [stderr]     Checking radium v0.3.0
[INFO] [stderr]     Checking digest v0.8.1
[INFO] [stderr]     Checking bitvec v0.17.4
[INFO] [stderr]     Checking rlp v0.4.6
[INFO] [stderr]    Compiling miniz_oxide v0.4.4
[INFO] [stderr]    Compiling proc-macro-nested v0.1.7
[INFO] [stderr]     Checking byte-slice-cast v0.3.5
[INFO] [stderr]     Checking arrayvec v0.5.2
[INFO] [stderr]     Checking byte-tools v0.3.1
[INFO] [stderr]     Checking futures-core v0.3.14
[INFO] [stderr]     Checking block-padding v0.1.5
[INFO] [stderr]     Checking impl-rlp v0.2.1
[INFO] [stderr]     Checking rand_core v0.6.2
[INFO] [stderr]    Compiling secp256k1-sys v0.1.2
[INFO] [stderr]    Compiling rayon-core v1.9.0
[INFO] [stderr]     Checking subtle v1.0.0
[INFO] [stderr]     Checking adler v1.0.2
[INFO] [stderr]     Checking gimli v0.23.0
[INFO] [stderr]     Checking fixed-hash v0.6.1
[INFO] [stderr]    Compiling ryu v1.0.5
[INFO] [stderr]    Compiling failure_derive v0.1.8
[INFO] [stderr]     Checking crypto-mac v0.7.0
[INFO] [stderr]     Checking crossbeam-epoch v0.9.4
[INFO] [stderr]     Checking block-buffer v0.7.3
[INFO] [stderr]     Checking uint v0.8.5
[INFO] [stderr]     Checking digest v0.9.0
[INFO] [stderr]     Checking pin-project-lite v0.2.6
[INFO] [stderr]    Compiling serde_json v1.0.64
[INFO] [stderr]     Checking bytes v0.5.6
[INFO] [stderr]     Checking futures-task v0.3.14
[INFO] [stderr]     Checking object v0.23.0
[INFO] [stderr]     Checking pin-project-lite v0.1.12
[INFO] [stderr]     Checking rustc-demangle v0.1.18
[INFO] [stderr]     Checking slab v0.4.3
[INFO] [stderr]     Checking opaque-debug v0.2.3
[INFO] [stderr]     Checking pin-utils v0.1.0
[INFO] [stderr]     Checking crossbeam-deque v0.8.0
[INFO] [stderr]     Checking crossbeam-channel v0.5.1
[INFO] [stderr]     Checking tokio v0.2.25
[INFO] [stderr]    Compiling secp256k1-sys v0.4.0
[INFO] [stderr]     Checking num_cpus v1.13.0
[INFO] [stderr]    Compiling rayon v1.5.0
[INFO] [stderr]     Checking instant v0.1.9
[INFO] [stderr]     Checking addr2line v0.14.1
[INFO] [stderr]     Checking smallvec v1.6.1
[INFO] [stderr]     Checking itoa v0.4.7
[INFO] [stderr]    Compiling build_const v0.2.2
[INFO] [stderr]     Checking fake-simd v0.1.2
[INFO] [stderr]     Checking parking_lot_core v0.8.3
[INFO] [stderr]     Checking sha2 v0.8.2
[INFO] [stderr]     Checking secp256k1 v0.17.2
[INFO] [stderr]     Checking ripemd160 v0.8.0
[INFO] [stderr]    Compiling crc v1.8.1
[INFO] [stderr]     Checking crypto-mac v0.8.0
[INFO] [stderr]     Checking block-buffer v0.9.0
[INFO] [stderr]     Checking crypto-mac v0.11.0
[INFO] [stderr]     Checking ff v0.6.0
[INFO] [stderr]     Checking lock_api v0.4.4
[INFO] [stderr]    Compiling cmake v0.1.45
[INFO] [stderr]     Checking hex v0.4.3
[INFO] [stderr]     Checking opaque-debug v0.3.0
[INFO] [stderr]     Checking base58 v0.1.0
[INFO] [stderr]    Compiling bitflags v1.2.1
[INFO] [stderr]     Checking bech32 v0.6.0
[INFO] [stderr]    Compiling anyhow v1.0.40
[INFO] [stderr]     Checking backtrace v0.3.57
[INFO] [stderr]     Checking tinyvec_macros v0.1.0
[INFO] [stderr]     Checking cpuid-bool v0.1.2
[INFO] [stderr]     Checking tinyvec v1.2.0
[INFO] [stderr]     Checking sha2 v0.9.3
[INFO] [stderr]     Checking parking_lot v0.11.1
[INFO] [stderr]     Checking aho-corasick v0.7.18
[INFO] [stderr]    Compiling synstructure v0.12.4
[INFO] [stderr]    Compiling wagyu-monero v0.6.3
[INFO] [stderr]     Checking cipher v0.3.0
[INFO] [stderr]     Checking tiny-keccak v1.5.0
[INFO] [stderr]     Checking regex-syntax v0.6.24
[INFO] [stderr]     Checking base64ct v1.0.0
[INFO] [stderr]     Checking unicode-width v0.1.8
[INFO] [stderr]     Checking password-hash v0.2.0
[INFO] [stderr]     Checking textwrap v0.11.0
[INFO] [stderr]     Checking salsa20 v0.8.0
[INFO] [stderr]     Checking once_cell v1.7.2
[INFO] [stderr]     Checking unicode-normalization v0.1.17
[INFO] [stderr]     Checking secp256k1 v0.20.2
[INFO] [stderr]     Checking hmac v0.11.0
[INFO] [stderr]     Checking pbkdf2 v0.8.0
[INFO] [stderr]     Checking pbkdf2 v0.4.0
[INFO] [stderr]     Checking hmac v0.8.1
[INFO] [stderr]     Checking hmac v0.7.1
[INFO] [stderr]     Checking rand_chacha v0.3.0
[INFO] [stderr]     Checking atty v0.2.14
[INFO] [stderr]     Checking termios v0.2.2
[INFO] [stderr]     Checking bitcoin_hashes v0.9.4
[INFO] [stderr]     Checking ansi_term v0.11.0
[INFO] [stderr]     Checking bech32 v0.7.3
[INFO] [stderr]     Checking rustc-hash v1.1.0
[INFO] [stderr]     Checking vec_map v0.8.2
[INFO] [stderr]     Checking strsim v0.8.0
[INFO] [stderr]     Checking rand v0.8.3
[INFO] [stderr]     Checking trompt v0.0.4
[INFO] [stderr]     Checking clap v2.33.3
[INFO] [stderr]     Checking scrypt v0.7.0
[INFO] [stderr]     Checking rand_hc v0.3.0
[INFO] [stderr]     Checking rdrand v0.8.0
[INFO] [stderr]     Checking rand_jitter v0.3.0
[INFO] [stderr]     Checking regex v1.5.1
[INFO] [stderr]     Checking pbkdf2 v0.3.0
[INFO] [stderr]    Compiling thiserror-impl v1.0.24
[INFO] [stderr]    Compiling async-stream-impl v0.2.1
[INFO] [stderr]    Compiling futures-macro v0.3.14
[INFO] [stderr]    Compiling zeroize_derive v1.1.0
[INFO] [stderr]     Checking zeroize v1.3.0
[INFO] [stderr]     Checking failure v0.1.8
[INFO] [stderr]     Checking async-stream v0.2.1
[INFO] [stderr]     Checking curve25519-dalek v2.1.2
[INFO] [stderr]     Checking futures-util v0.3.14
[INFO] [stderr]     Checking thiserror v1.0.24
[INFO] [stderr]     Checking tiny-bip39 v0.8.0
[INFO] [stderr]     Checking bitcoin v0.26.0
[INFO] [stderr]     Checking base58-monero v0.2.1
[INFO] [stderr]     Checking impl-serde v0.3.1
[INFO] [stderr]     Checking parity-scale-codec v1.3.7
[INFO] [stderr]     Checking ethbloom v0.9.2
[INFO] [stderr]     Checking impl-codec v0.4.2
[INFO] [stderr]     Checking primitive-types v0.7.3
[INFO] [stderr]     Checking ethereum-types v0.9.2
[INFO] [stderr]     Checking wagyu-model v0.6.3
[INFO] [stderr]     Checking wagyu-ethereum v0.6.3
[INFO] [stderr]     Checking crypto-seed-gen v2.4.0 (/opt/rustwide/workdir)
[INFO] [stdout] error[E0422]: cannot find struct, variant or union type `Bip44DerivationPath` in this scope
[INFO] [stdout]    --> src/main.rs:119:37
[INFO] [stdout]     |
[INFO] [stdout] 119 |             derive_key(master_seed, Bip44DerivationPath {
[INFO] [stdout]     |                                     ^^^^^^^^^^^^^^^^^^^ not found in this scope
[INFO] [stdout] 
[INFO] [stdout] 
[INFO] [stdout] error[E0599]: no method named `to_private_key` found for struct `bip39::Bip39Mnemonic` in the current scope
[INFO] [stdout]   --> src/mnemonics/bip39.rs:66:18
[INFO] [stdout]    |
[INFO] [stdout] 11 |   pub struct Bip39Mnemonic {
[INFO] [stdout]    |   ------------------------ method `to_private_key` not found for this struct
[INFO] [stdout] ...
[INFO] [stdout] 64 | /             Bip39Mnemonic::from_phrase(phrase)
[INFO] [stdout] 65 | |                 .unwrap()
[INFO] [stdout] 66 | |                 .to_private_key(password)
[INFO] [stdout]    | |                 -^^^^^^^^^^^^^^ method not found in `Bip39Mnemonic`
[INFO] [stdout]    | |_________________|
[INFO] [stdout]    | 
[INFO] [stdout] 
[INFO] [stdout] 
[INFO] [stdout] error[E0599]: no function or associated item named `generate` found for struct `bip39::Bip39Mnemonic` in the current scope
[INFO] [stdout]    --> src/mnemonics/bip39.rs:164:37
[INFO] [stdout]     |
[INFO] [stdout] 11  | pub struct Bip39Mnemonic {
[INFO] [stdout]     | ------------------------ function or associated item `generate` not found for this struct
[INFO] [stdout] ...
[INFO] [stdout] 164 |         let phrase = Bip39Mnemonic::generate().unwrap().into_phrase();
[INFO] [stdout]     |                                     ^^^^^^^^ function or associated item not found in `Bip39Mnemonic`
[INFO] [stdout]     |
[INFO] [stdout]     = help: items from traits can only be used if the trait is implemented and in scope
[INFO] [stdout]     = note: the following traits define an item `generate`, perhaps you need to implement one of them:
[INFO] [stdout]             candidate #1: `rand_core::block::BlockRngCore`
[INFO] [stdout]             candidate #2: `generic_array::sequence::GenericSequence`
[INFO] [stdout]             candidate #3: `rand_chacha::rand_core::block::BlockRngCore`
[INFO] [stdout] 
[INFO] [stdout] 
[INFO] [stdout] error[E0599]: no function or associated item named `generate` found for struct `bip39::Bip39Mnemonic` in the current scope
[INFO] [stdout]    --> src/mnemonics/bip39.rs:170:48
[INFO] [stdout]     |
[INFO] [stdout] 11  | pub struct Bip39Mnemonic {
[INFO] [stdout]     | ------------------------ function or associated item `generate` not found for this struct
[INFO] [stdout] ...
[INFO] [stdout] 170 |         Bip39Mnemonic::validate(Bip39Mnemonic::generate().unwrap().phrase()).unwrap();
[INFO] [stdout]     |                                                ^^^^^^^^ function or associated item not found in `Bip39Mnemonic`
[INFO] [stdout]     |
[INFO] [stdout]     = help: items from traits can only be used if the trait is implemented and in scope
[INFO] [stdout]     = note: the following traits define an item `generate`, perhaps you need to implement one of them:
[INFO] [stdout]             candidate #1: `rand_core::block::BlockRngCore`
[INFO] [stdout]             candidate #2: `generic_array::sequence::GenericSequence`
[INFO] [stdout]             candidate #3: `rand_chacha::rand_core::block::BlockRngCore`
[INFO] [stdout] 
[INFO] [stdout] 
[INFO] [stdout] error: aborting due to 3 previous errors
[INFO] [stdout] 
[INFO] [stdout] 
[INFO] [stdout] For more information about this error, try `rustc --explain E0599`.
[INFO] [stdout] 
[INFO] [stderr] error: could not compile `crypto-seed-gen` (lib test) due to 4 previous errors
[INFO] [stderr] warning: build failed, waiting for other jobs to finish...
[INFO] [stdout] error[E0599]: no method named `to_private_key` found for struct `crypto_seed_gen::Bip39Mnemonic` in the current scope
[INFO] [stdout]    --> src/main.rs:115:14
[INFO] [stdout]     |
[INFO] [stdout] 113 |           let master_seed = Bip39Mnemonic::from_phrase(mnemonic)
[INFO] [stdout]     |  ___________________________-
[INFO] [stdout] 114 | |             .unwrap()
[INFO] [stdout] 115 | |             .to_private_key("")
[INFO] [stdout]     | |             -^^^^^^^^^^^^^^ method not found in `Bip39Mnemonic`
[INFO] [stdout]     | |_____________|
[INFO] [stdout]     | 
[INFO] [stdout] 
[INFO] [stdout] 
[INFO] [stdout] error[E0433]: failed to resolve: use of undeclared type `CoinType`
[INFO] [stdout]    --> src/main.rs:120:28
[INFO] [stdout]     |
[INFO] [stdout] 120 |                 coin_type: CoinType::BTC, account: 0, change: None, address_index: None}).unwrap().to_base58(),
[INFO] [stdout]     |                            ^^^^^^^^ use of undeclared type `CoinType`
[INFO] [stdout] 
[INFO] [stdout] 
[INFO] [stdout] error[E0425]: cannot find function `derive_key` in this scope
[INFO] [stdout]    --> src/main.rs:119:13
[INFO] [stdout]     |
[INFO] [stdout] 119 |             derive_key(master_seed, Bip44DerivationPath {
[INFO] [stdout]     |             ^^^^^^^^^^ not found in this scope
[INFO] [stdout] 
[INFO] [stdout] 
[INFO] [stdout] error: aborting due to 4 previous errors
[INFO] [stdout] 
[INFO] [stdout] 
[INFO] [stdout] Some errors have detailed explanations: E0422, E0425, E0433, E0599.
[INFO] [stdout] 
[INFO] [stdout] For more information about an error, try `rustc --explain E0422`.
[INFO] [stdout] 
[INFO] [stderr] error: could not compile `crypto-seed-gen` (bin "crypto-seed-gen" test) due to 5 previous errors
[INFO] running `Command { std: "docker" "inspect" "51566d1b3fc322b8bc41bbb3936de7a5eec60c05784b80a448fc5651f3b7cf34", kill_on_drop: false }`
[INFO] running `Command { std: "docker" "rm" "-f" "51566d1b3fc322b8bc41bbb3936de7a5eec60c05784b80a448fc5651f3b7cf34", kill_on_drop: false }`
[INFO] [stdout] 51566d1b3fc322b8bc41bbb3936de7a5eec60c05784b80a448fc5651f3b7cf34
